- a**5/6 - a**4/4 + 4*a**3 + 82*a**2. Let c be i(11). Calculate the highest common factor of c and 395.
79
Let f = 61 + -173. Let h be ((-18)/(-15))/((f/180)/(-14)). What is the highest common divisor of 45 and h?
9
Let d be 6/(3/(-1)) - -4. Suppose 328 = 5*z + y, 3*z - 8*z - 2*y + 331 = 0. Suppose -z = -5*t + 25. Calculate the greatest common factor of t and d.
2
Suppose 3*l - 11644 = -2*b, -3*b - l + 3*l + 17453 = 0. Calculate the greatest common factor of 11 and b.
11
Let x(m) = m**2 + m - 1. Let p be x(1). Suppose -2*y + p + 19 = 0. Let v = 151 + -71. Calculate the greatest common divisor of v and y.
10
Let t be 1*-6 - (9 - 13). Let n be t/(-5) - 14/35. Suppose 3*c - 5*m - 303 = n, -3*m = -c + 2*c - 87. Calculate the highest common divisor of 32 and c.
32
Suppose -u - 13*z + 12*z + 21 = 0, -4*u - z = -66. Let i = 130 - 91. What is the highest common factor of u and i?
3
Let x = -69 + 67. Let t(n) = -3*n**2 - 4*n - 5. Let j be t(x). Let y = 39 + j. What is the highest common factor of 40 and y?
10
Let q = -8950 - -9294. What is the highest common divisor of 301 and q?
43
Let y(s) = s**2 + 168*s - 2438. Let h be y(14). Calculate the greatest common factor of 1771 and h.
11
Let j(l) = -3*l - 7. Let d be j(-5). Suppose -o - 2*w + 4*w = -6, -o + d = -3*w. Suppose o*i + 2*i - 512 = 0. What is the highest common factor of i and 16?
16
Let d = -232 + 329. Let w(u) = -3*u + 485. Let v be w(0). Calculate the highest common factor of v and d.
97
Let s = 213 + -58. Let g be (0 - 33/66)/(-2 + 123/62). Calculate the highest common divisor of g and s.
31
Suppose r - 24 = -2*b, 6*b - 81 = -4*r + 3*b. Suppose -r*k - 162 = -20*k. What is the greatest common factor of 6 and k?
3
Suppose -29*d + 32*d + 51 = 3*u, -3*d + 4*u = 56. Let o(c) = -2*c + 45. Let i be o(d). What is the highest common factor of i and 92?
23
Suppose 1369 = 8*k + x - 1253, -k - 4*x + 320 = 0. What is the greatest common factor of k and 56?
8
Let q be (((-132)/9)/11)/((-6)/981). Let x = -217 + q. What is the highest common divisor of x and 19?
1
Let h = 163 + -151. Suppose 0 = h*b - 27*b + 1050. What is the highest common divisor of b and 35?
35
Let g(h) = -89*h - 93*h + 16*h**2 + 185*h - 27. Let j be g(6). Calculate the greatest common factor of j and 63.
63
Let t be (-9)/(-12) + (-5083)/52. Let h = 145 + t. What is the highest common factor of h and 72?
24
Let v be (-145*1)/((2/12)/(64/(-128))). What is the greatest common divisor of 120 and v?
15
Let r(m) = -22*m**3 - 4*m**2 + 3*m + 1. Let f(p) = -p**3 - p**2 + p. Let l(t) = -2*f(t) - r(t). Let v be l(1). Calculate the highest common divisor of 6 and v.
6
Let k be 9/60*-10 + 243/(-2). Let f(v) = -42*v - 5. Let w be f(-4). Let q = k + w. Calculate the greatest common factor of q and 10.
10
Suppose -3*m - m = 8. Let x(r) = -30*r - 51. Let k be x(m). What is the greatest common divisor of 135 and k?
9
Let r be (23/(-4))/(207/(-115920)). Calculate the highest common divisor of r and 140.
140
Suppose -15 = -d - 2*d. Suppose 3*p - 80 = p - 0*p. What is the greatest common factor of p and d?
5
Let i be (5018/4 + 3)*(-2)/(-5). Suppose 18*z + 5*x = 16*z + i, -4*z = -4*x - 1076. Calculate the highest common factor of z and 88.
88
Let f(j) = -433*j + 2664. Let s be f(6). What is the greatest common divisor of s and 444?
6
Let u = 1794 - 1768. Calculate the highest common divisor of u and 117.
13
Suppose 0 = 502*q - 499*q - 2*w - 203, 2*w + 2 = 0. Calculate the highest common divisor of 6901 and q.
67
Suppose 3*h = 4*c - 4410, 2*h + 3*h - 5460 = -5*c. What is the greatest common factor of 488 and c?
122
Suppose 232 - 32 = 5*u. Let r(z) = 36*z - 2613. Let h be r(73). Let f be ((-252)/h)/(-4 - (-148)/u). Calculate the highest common divisor of 8 and f.
8
Suppose 1441 = -4*n + 465. Let x be (-3)/(4 + -1) - n. Calculate the greatest common divisor of x and 9.
9
Let f(h) = h**3 + 20*h**2 + 91*h + 68. Let s be f(-12). What is the greatest common factor of s and 152?
8
Let d = -295 - -329. Let v(w) = -w**3 + 3*w**2 + 2*w + 1. Let y be v(2). Let n be 2/y - 5558/(-18) - 3. Calculate the greatest common divisor of d and n.
34
Let u(b) = -271*b - 2020. Let a be u(-11). Calculate the highest common factor of 744 and a.
31
Let t(d) be the first derivative of 4 + 9/2*d**2 + 3*d. Let l be t(1). Calculate the greatest common factor of l and 30.
6
Let d be (40/(-10) - -2026) + 3 + -1. Let b = d + -1434. Calculate the greatest common divisor of b and 10.
10
Let k be ((7812/(-24))/(-31))/(3/20). What is the highest common factor of k and 320?
10
Let r = -7500 - -7563. What is the greatest common divisor of r and 18?
9
Let g be ((-17752)/84)/(2/(-3)) - 5. Let i be (-32 - -4)*g/(-91). What is the greatest common divisor of 16 and i?
16
Let d = 155 - 0. Suppose 15*z + 20 = d. Suppose -4*r = -7*r + 432. Calculate the greatest common divisor of z and r.
9
Let g = -68 - -95. Let f = 1 + g. Let i(t) = t**3 - 29*t**2 + 30*t - 37. Let o be i(f). Calculate the highest common divisor of o and 152.
19
Let k = 8 - 3. Suppose k*h - 10 = 0, -2*h - 2*h = 5*b - 683. Suppose -j + b = -30. What is the highest common divisor of j and 15?
15
Suppose 296940 = 118*x - 140579 + 54609. Calculate the greatest common divisor of 495 and x.
55
Suppose 2181 = 4*k + 2141. What is the highest common divisor of k and 2630?
10
Suppose 76 = 11*k - 45. Suppose 12*b + 3240 = 2*b. Let u = 511 + b. Calculate the highest common divisor of u and k.
11
Let f(h) = 2*h**3 - 5*h**2 + 28*h - 50. Let b be f(6). Calculate the highest common divisor of 222 and b.
74
Suppose -m - 4*j = 132, -m = 3*j + 197 - 69. Let o be (-938)/(-8) + 29/m. What is the greatest common factor of 26 and o?
13
Suppose -23*r + 31 = -21*r + j, 4*r - 61 = -3*j. Suppose -r*i + i = -9720. Calculate the greatest common divisor of i and 81.
81
Let u = 15170 + -15125. What is the highest common divisor of 1872 and u?
9
Let d(i) = i**2 + 14*i + 7. Let t be d(-15). Let o = t - 18. Suppose z = -j, 5*z + o = 3*z. Calculate the highest common factor of j and 2.
2
Let y = -94 - -100. Suppose 11 = -y*g + 35. Suppose 3*v - 2*v + 3*u = 1, 0 = -5*v + u + 21. Calculate the greatest common factor of g and v.
4
Let p = -777 - -864. Calculate the greatest common factor of p and 638.
29
Suppose 4*s + 0*i + i = -427, -s = i + 109. Let h = -99 - s. Calculate the greatest common divisor of h and 497.
7
Suppose -24*o + 4299 = 1083. What is the highest common factor of o and 3886?
134
Let i(c) = c**3 + 102*c**2 - 1058*c + 107. Let u be i(-111). What is the highest common divisor of u and 13?
13
Let p = 2985 - 2880. What is the highest common factor of p and 7350?
105
Suppose u - 4*u = 6. Let v(m) = -5 - 2*m**3 + 1 + 3*m + 3*m**2 + 4 + 3 + 2. Let j be v(u). What is the highest common factor of 135 and j?
27
Let y(h) = 7*h + 50. Let s be y(-7). Let n be -2*(17/(-2) + 3 + 2). Calculate the highest common divisor of n and s.
1
Let y(t) = -2*t**3 + 5*t**2 - 16*t + 40. Let l be y(7). Let n = l - -517. Let q be 39/4 - 1/(-4). What is the highest common divisor of n and q?
2
Suppose -14*w + 2*w + 108 = 0. Suppose 14*q = w*q + 840. Calculate the highest common factor of q and 42.
42
Suppose 86*v + 152179 = 311772 + 385303. What is the highest common divisor of v and 216?
72
Suppose 2*z + 4 = 0, -6658 = -9*v + 5*v - z. Suppose 0 = 16*c - v - 2415. What is the greatest common factor of c and 30?
15
Let c = 143 - 86. Suppose -43 - c = -5*m. Let j = 22 - m. What is the highest common divisor of j and 16?
2
Let c(l) = 9*l - 10*l + 2*l**2 - 10 + 2*l. Let b be c(-6). Let s(x) = -4*x - 40. Let r be s(-12). What is the greatest common factor of b and r?
8
Let w = 143 - 140. Suppose 0*n = -3*n - 3*x + 3, -w*n = -x - 23. Calculate the greatest common factor of n and 4.
2
Suppose 153*z - 10548 = 159*z. Let l = z - -2661. Calculate the highest common divisor of l and 42.
21
Let k = 0 + 5. Let r be 2 - 10/k*57. Let w = -36 - r. Calculate the greatest common divisor of w and 38.
38
Suppose t - 7 = 2*o - 36, -5*o + 2*t = -71. Suppose m - 168 = 9*d - o*d, -d + 42 = -m. Calculate the greatest common factor of d and 21.
21
Suppose -18*g + 12730 = 13*g - 12*g. Calculate the greatest common divisor of g and 530.
10
Let j(o) = -o - 1. Let a(y) = 10*y - 14. Let i(k) = a(k) - 10*j(k). Let b